{"id":11611,"date":"2019-09-10T09:32:24","date_gmt":"2019-09-10T07:32:24","guid":{"rendered":"http:\/\/ksiegarnia-akademicka.pl\/?post_type=product&#038;p=11611"},"modified":"2024-12-04T16:08:28","modified_gmt":"2024-12-04T15:08:28","slug":"prawo-medyczne-oraz-inne-akty-prawne","status":"publish","type":"product","link":"http:\/\/ksiegarnia-akademicka.pl\/index.php\/product\/prawo-medyczne-oraz-inne-akty-prawne\/","title":{"rendered":"Prawo medyczne oraz inne akty prawne"},"content":{"rendered":"<p>Wprowadzenie: prof. nadzw. dr hab. Rafa\u0142 Kubiak<br \/>\nWydawnictwo: C.H. Beck<br \/>\nSeria: Teksty Ustaw Becka<br \/>\nRok wydania: 2019<br \/>\nISBN: 978-83-8158-473-9<br \/>\nLiczba stron: 618<br \/>\nOprawa: Mi\u0119kka<br \/>\nWaga: 500 g<\/p>\n<p>Stan prawny: 1 sierpnia 2019 r.<\/p>\n<p>Publikacja zawiera: <\/p>\n<p>Konstytucj\u0119 Rzeczypospolitej Polskiej &#8211; wyci\u0105g,<br \/>\nUstaw\u0119 o dzia\u0142alno\u015bci leczniczej &#8211; wyci\u0105g,<br \/>\nUstaw\u0119 o prawach pacjenta i Rzeczniku Praw Pacjenta,<br \/>\nUstaw\u0119 o ochronie zdrowia psychicznego,<br \/>\nUstaw\u0119 o zawodach lekarza i lekarza dentysty,<br \/>\nUstaw\u0119 o izbach lekarskich,<br \/>\nUstaw\u0119 o zawodach piel\u0119gniarki i po\u0142o\u017cnej,<br \/>\nUstaw\u0119 o planowaniu rodziny, ochronie p\u0142odu ludzkiego i warunkach dopuszczalno\u015bci przerywania ci\u0105\u017cy,<br \/>\nUstaw\u0119 o pobieraniu, przechowywaniu i przeszczepianiu kom\u00f3rek, tkanek i narz\u0105d\u00f3w,<br \/>\nUstaw\u0119 o zapobieganiu oraz zwalczaniu zaka\u017ce\u0144 i chor\u00f3b zaka\u017anych u ludzi,<br \/>\nUstaw\u0119 o cmentarzach i chowaniu zmar\u0142ych &#8211; wyci\u0105g,<br \/>\nUstaw\u0119 o przeciwdzia\u0142aniu narkomanii,<br \/>\nUstaw\u0119 o wychowaniu w trze\u017awo\u015bci i przeciwdzia\u0142aniu alkoholizmowi,<br \/>\nPrawo o ruchu drogowym &#8211; wyci\u0105g,<br \/>\nKodeks post\u0119powania karnego &#8211; wyci\u0105g,<br \/>\nKodeks post\u0119powania cywilnego &#8211; wyci\u0105g,<br \/>\nKodeks cywilny &#8211; wyci\u0105g,<br \/>\nKodeks karny &#8211; wyci\u0105g,<br \/>\nKodeks pracy &#8211; wyci\u0105g,<br \/>\nKodeks etyki lekarskiej,<br \/>\nKodeks etyki zawodowej piel\u0119gniarki i po\u0142o\u017cnej Rzeczypospolitej Polskiej.<br \/>\nSeria Teksty Ustaw Becka zawiera: <\/p>\n<p>Aktualny stan prawny<br \/>\nCzytelne has\u0142a i tekst<br \/>\nPrzypisy od Redakcji<br \/>\nWyr\u00f3\u017cnienie najnowszych zmian<br \/>\nWyb\u00f3r akt\u00f3w prawnych<br \/>\nIndeks rzeczowy<\/p>\n","protected":false},"excerpt":{"rendered":"<p>Wprowadzenie: prof. nadzw. dr hab. Rafa\u0142 Kubiak Wydawnictwo: C.H. Beck [&hellip;]<\/p>\n","protected":false},"featured_media":11612,"template":"","meta":[],"product_brand":[],"product_cat":[7492,7491,7490,18],"product_tag":[4832,318],"class_list":{"0":"post-11611","1":"product","2":"type-product","3":"status-publish","4":"has-post-thumbnail","6":"product_cat-administracyjne","7":"product_cat-cywilne","8":"product_cat-karne","9":"product_cat-prawo","10":"product_tag-prawo-medyczne","11":"product_tag-seria-teksty-ustaw-becka","13":"first","14":"instock","15":"sale","16":"shipping-taxable","17":"purchasable","18":"product-type-simple"},"_links":{"self":[{"href":"http:\/\/ksiegarnia-akademicka.pl\/index.php\/wp-json\/wp\/v2\/product\/11611","targetHints":{"allow":["GET"]}}],"collection":[{"href":"http:\/\/ksiegarnia-akademicka.pl\/index.php\/wp-json\/wp\/v2\/product"}],"about":[{"href":"http:\/\/ksiegarnia-akademicka.pl\/index.php\/wp-json\/wp\/v2\/types\/product"}],"wp:featuredmedia":[{"embeddable":true,"href":"http:\/\/ksiegarnia-akademicka.pl\/index.php\/wp-json\/wp\/v2\/media\/11612"}],"wp:attachment":[{"href":"http:\/\/ksiegarnia-akademicka.pl\/index.php\/wp-json\/wp\/v2\/media?parent=11611"}],"wp:term":[{"taxonomy":"product_brand","embeddable":true,"href":"http:\/\/ksiegarnia-akademicka.pl\/index.php\/wp-json\/wp\/v2\/product_brand?post=11611"},{"taxonomy":"product_cat","embeddable":true,"href":"http:\/\/ksiegarnia-akademicka.pl\/index.php\/wp-json\/wp\/v2\/product_cat?post=11611"},{"taxonomy":"product_tag","embeddable":true,"href":"http:\/\/ksiegarnia-akademicka.pl\/index.php\/wp-json\/wp\/v2\/product_tag?post=11611"}],"curies":[{"name":"wp","href":"https:\/\/api.w.org\/{rel}","templated":true}]}}