{"id":11528,"date":"2019-09-02T15:12:51","date_gmt":"2019-09-02T13:12:51","guid":{"rendered":"http:\/\/ksiegarnia-akademicka.pl\/?post_type=product&#038;p=11528"},"modified":"2024-12-04T16:10:35","modified_gmt":"2024-12-04T15:10:35","slug":"odpowiedzialnosc-dyscyplinarna-adwokatow-i-radcow-prawnych-wybor-orzecznictwa-orzecznictwo-aplikanta","status":"publish","type":"product","link":"http:\/\/ksiegarnia-akademicka.pl\/index.php\/product\/odpowiedzialnosc-dyscyplinarna-adwokatow-i-radcow-prawnych-wybor-orzecznictwa-orzecznictwo-aplikanta\/","title":{"rendered":"Odpowiedzialno\u015b\u0107 dyscyplinarna adwokat\u00f3w i radc\u00f3w prawnych. Wyb\u00f3r orzecznictwa. Orzecznictwo aplikanta"},"content":{"rendered":"<p>Autor: dr Joanna Ablewicz<br \/>\nWydawnictwo C.H. Beck<br \/>\nSeria: Orzecznictwo Aplikanta<br \/>\nRok wydania: 2020<br \/>\nWydanie: 3<br \/>\nISBN: 978-83-8198-842-1<br \/>\nLiczba stron: 466<br \/>\nOprawa: Mi\u0119kka<br \/>\nWaga: 740 g<\/p>\n<p>Orzecznictwo Aplikanta \u2013 Odpowiedzialno\u015b\u0107 dyscyplinarna radc\u00f3w prawnych i adwokat\u00f3w zawiera tezy orzecze\u0144 do poszczeg\u00f3lnych (wybranych) artyku\u0142\u00f3w Kodeksu etyki adwokat\u00f3w oraz Kodeksu etyki radc\u00f3w prawnych.<\/p>\n<p>W niniejszym zbiorze znajdziesz tezy najwa\u017cniejszych orzecze\u0144 S\u0105du Najwy\u017cszego, s\u0105d\u00f3w apelacyjnych oraz s\u0105d\u00f3w okr\u0119gowych. Pe\u0142n\u0105 tre\u015b\u0107 orzeczenia wraz z uzasadnieniem mo\u017cesz nast\u0119pnie wyszuka\u0107 w dost\u0119pnym na egzaminie komputerze.<\/p>\n<p>Orzecznictwo aplikanta jest wyj\u0105tkowe poniewa\u017c nasze materia\u0142y mo\u017cesz spokojnie zabra\u0107 na egzamin, a ponadto artyku\u0142y i przyporz\u0105dkowane im tezy pozwol\u0105 Ci na szybkie znalezienie w\u0142a\u015bciwego orzeczenia. Dzi\u0119ki temu unikniesz kolejek do komputer\u00f3w w trakcie egzaminu.<\/p>\n<p>Co wi\u0119cej, nie martw si\u0119, \u017ce przed egzaminem zostan\u0105 opublikowane nowe orzeczenia, kt\u00f3rych niniejsza ksi\u0105\u017cka nie zawiera, a kt\u00f3re b\u0119d\u0105 podstawa do prawid\u0142owego rozwi\u0105zania kazus\u00f3w. Gwarantujmy aktualno\u015b\u0107 stanu prawnego do dnia egzaminu zawodowego w 2021 r. Zbi\u00f3r b\u0119dzie aktualizowany przez dodawanie nowych, wa\u017cnych tez do orzecze\u0144 oraz przez aktualizacj\u0119 stanu prawnego \u2013 szukaj aktualizacji na stronie www.aktualizacje.beck.pl.<\/p>\n<p>Je\u015bli zatem jeste\u015b aplikantem tu\u017c przed ko\u0144cowym egzaminem prawniczym zawodowym oto zestaw ksi\u0105\u017cek z Orzecznictwem aplikanta, kt\u00f3re musisz mie\u0107 ka\u017cdego dnia pod r\u0119k\u0105, aby zda\u0107 egzamin adwokacki lub radcowski w 2021 r.<\/p>\n<p>Pozycja ta przyda si\u0119 r\u00f3wnie\u017c Aplikantom, kt\u00f3rzy chc\u0105 poszerzy\u0107 swoj\u0105 wiedz\u0119 z poszczeg\u00f3lnych dziedzin prawa w trakcie aplikacji.<\/p>\n<p>Seria Orzecznictwo Aplikanta sk\u0142ada si\u0119 z 9 zbior\u00f3w:<\/p>\n<p>Kodeks cywilny,<br \/>\nKodeks post\u0119powania cywilnego,<br \/>\nKodeks karny,<br \/>\nKodeks post\u0119powania karnego,<br \/>\nKodeks rodzinny i opieku\u0144czy,<br \/>\nKodeks sp\u00f3\u0142ek handlowych,<br \/>\nKodeks post\u0119powania administracyjnego,<br \/>\nPrawo administracyjne materialne,<br \/>\nOdpowiedzialno\u015b\u0107 dyscyplinarna adwokat\u00f3w i radc\u00f3w prawnych.<\/p>\n","protected":false},"excerpt":{"rendered":"<p>Autor: dr Joanna Ablewicz Wydawnictwo C.H. Beck Seria: Orzecznictwo Aplikanta [&hellip;]<\/p>\n","protected":false},"featured_media":13028,"template":"","meta":[],"product_brand":[],"product_cat":[7491,7490,18],"product_tag":[7918,7919,7653],"class_list":{"0":"post-11528","1":"product","2":"type-product","3":"status-publish","4":"has-post-thumbnail","6":"product_cat-cywilne","7":"product_cat-karne","8":"product_cat-prawo","9":"product_tag-egzamin-prawniczy-2020","10":"product_tag-odpowiedzialnosc-dyscyplinarna","11":"product_tag-seria-orzecznictwo-aplikanta","13":"first","14":"instock","15":"sale","16":"shipping-taxable","17":"purchasable","18":"product-type-simple"},"_links":{"self":[{"href":"http:\/\/ksiegarnia-akademicka.pl\/index.php\/wp-json\/wp\/v2\/product\/11528","targetHints":{"allow":["GET"]}}],"collection":[{"href":"http:\/\/ksiegarnia-akademicka.pl\/index.php\/wp-json\/wp\/v2\/product"}],"about":[{"href":"http:\/\/ksiegarnia-akademicka.pl\/index.php\/wp-json\/wp\/v2\/types\/product"}],"wp:featuredmedia":[{"embeddable":true,"href":"http:\/\/ksiegarnia-akademicka.pl\/index.php\/wp-json\/wp\/v2\/media\/13028"}],"wp:attachment":[{"href":"http:\/\/ksiegarnia-akademicka.pl\/index.php\/wp-json\/wp\/v2\/media?parent=11528"}],"wp:term":[{"taxonomy":"product_brand","embeddable":true,"href":"http:\/\/ksiegarnia-akademicka.pl\/index.php\/wp-json\/wp\/v2\/product_brand?post=11528"},{"taxonomy":"product_cat","embeddable":true,"href":"http:\/\/ksiegarnia-akademicka.pl\/index.php\/wp-json\/wp\/v2\/product_cat?post=11528"},{"taxonomy":"product_tag","embeddable":true,"href":"http:\/\/ksiegarnia-akademicka.pl\/index.php\/wp-json\/wp\/v2\/product_tag?post=11528"}],"curies":[{"name":"wp","href":"https:\/\/api.w.org\/{rel}","templated":true}]}}

Odpowiedzialność dyscyplinarna adwokatów i radców prawnych. Wybór orzecznictwa. Orzecznictwo aplikanta

<p>Autor: dr Joanna Ablewicz<br />
Wydawnictwo C.H. Beck<br />
Seria: Orzecznictwo Aplikanta<br />
Rok wydania: 2020<br />
Wydanie: 3<br />
ISBN: 978-83-8198-842-1<br />
Liczba stron: 466<br />
Oprawa: Miękka<br />
Waga: 740 g</p>
<p>Orzecznictwo Aplikanta – Odpowiedzialność dyscyplinarna radców prawnych i adwokatów zawiera tezy orzeczeń do poszczególnych (wybranych) artykułów Kodeksu etyki adwokatów oraz Kodeksu etyki radców prawnych.</p>
<p>W niniejszym zbiorze znajdziesz tezy najważniejszych orzeczeń Sądu Najwyższego, sądów apelacyjnych oraz sądów okręgowych. Pełną treść orzeczenia wraz z uzasadnieniem możesz następnie wyszukać w dostępnym na egzaminie komputerze.</p>
<p>Orzecznictwo aplikanta jest wyjątkowe ponieważ nasze materiały możesz spokojnie zabrać na egzamin, a ponadto artykuły i przyporządkowane im tezy pozwolą Ci na szybkie znalezienie właściwego orzeczenia. Dzięki temu unikniesz kolejek do komputerów w trakcie egzaminu.</p>
<p>Co więcej, nie martw się, że przed egzaminem zostaną opublikowane nowe orzeczenia, których niniejsza książka nie zawiera, a które będą podstawa do prawidłowego rozwiązania kazusów. Gwarantujmy aktualność stanu prawnego do dnia egzaminu zawodowego w 2021 r. Zbiór będzie aktualizowany przez dodawanie nowych, ważnych tez do orzeczeń oraz przez aktualizację stanu prawnego – szukaj aktualizacji na stronie www.aktualizacje.beck.pl.</p>
<p>Jeśli zatem jesteś aplikantem tuż przed końcowym egzaminem prawniczym zawodowym oto zestaw książek z Orzecznictwem aplikanta, które musisz mieć każdego dnia pod ręką, aby zdać egzamin adwokacki lub radcowski w 2021 r.</p>
<p>Pozycja ta przyda się również Aplikantom, którzy chcą poszerzyć swoją wiedzę z poszczególnych dziedzin prawa w trakcie aplikacji.</p>
<p>Seria Orzecznictwo Aplikanta składa się z 9 zbiorów:</p>
<p>Kodeks cywilny,<br />
Kodeks postępowania cywilnego,<br />
Kodeks karny,<br />
Kodeks postępowania karnego,<br />
Kodeks rodzinny i opiekuńczy,<br />
Kodeks spółek handlowych,<br />
Kodeks postępowania administracyjnego,<br />
Prawo administracyjne materialne,<br />
Odpowiedzialność dyscyplinarna adwokatów i radców prawnych.</p>
