{"id":11487,"date":"2019-08-27T11:08:15","date_gmt":"2019-08-27T09:08:15","guid":{"rendered":"http:\/\/ksiegarnia-akademicka.pl\/?post_type=product&#038;p=11487"},"modified":"2021-02-15T10:51:26","modified_gmt":"2021-02-15T09:51:26","slug":"prawo-rzeczowe-zarys-wykladu-2","status":"publish","type":"product","link":"http:\/\/ksiegarnia-akademicka.pl\/index.php\/product\/prawo-rzeczowe-zarys-wykladu-2\/","title":{"rendered":"Prawo rzeczowe Zarys wyk\u0142adu"},"content":{"rendered":"<p>Adam Brzozowski, Wojciech J. Kocot, Wies\u0142aw Opalski<br \/>\nWydawnictwo: Wolters Kluwer Polska<br \/>\nRok publikacji: 2021<br \/>\nWydanie: 3<br \/>\nLiczba stron: 444<br \/>\nSeria: Akademicka<\/p>\n<p>W podr\u0119czniku Prawo rzeczowe. Zarys wyk\u0142adu w spos\u00f3b usystematyzowany przedstawiono g\u0142\u00f3wne instytucje prawa rzeczowego:<\/p>\n<p>w\u0142asno\u015b\u0107,<br \/>\nu\u017cytkowanie wieczyste,<br \/>\nograniczone prawa rzeczowe (w tym m.in. prawnorzeczowe formy zabezpieczenia wierzytelno\u015bci &#8211; zastaw, hipotek\u0119),<br \/>\nproblematyk\u0119 ksi\u0105g wieczystych, ochrony w\u0142asno\u015bci i posiadania.<br \/>\nOpracowanie zosta\u0142o podzielone na cz\u0119\u015bci, rozdzia\u0142y i paragrafy. Uk\u0142ad oraz kolejno\u015b\u0107 omawianych zagadnie\u0144 oparto na tradycyjnej systematyce prawa rzeczowego.<\/p>\n<p>W celu u\u0142atwienia nauki wprowadzono piktogramy wskazuj\u0105ce na rodzaj i znaczenie informacji oraz numery boczne umo\u017cliwiaj\u0105ce szybkie odnalezienie poszukiwanych poj\u0119\u0107 ze skorowidza. Dla usprawnienia nauki wprowadzono pogrubienia w celu zaznaczenia istotnej terminologii prawa rzeczowego.<\/p>\n<p>Adresaci:<br \/>\nPublikacja jest przeznaczona dla student\u00f3w studi\u00f3w prawniczych, podyplomowych studi\u00f3w z dziedziny prawa, zarz\u0105dzania i administracji oraz prawnik\u00f3w praktyk\u00f3w &#8211; w tym aplikant\u00f3w adwokackich, s\u0119dziowskich, prokuratorskich i radcowskich.<\/p>\n","protected":false},"excerpt":{"rendered":"<p>Adam Brzozowski, Wojciech J. Kocot, Wies\u0142aw Opalski Wydawnictwo: Wolters Kluwer [&hellip;]<\/p>\n","protected":false},"featured_media":13858,"template":"","meta":[],"product_brand":[],"product_cat":[7491,18],"product_tag":[615,2630,330],"class_list":{"0":"post-11487","1":"product","2":"type-product","3":"status-publish","4":"has-post-thumbnail","6":"product_cat-cywilne","7":"product_cat-prawo","8":"product_tag-prawo-cywilne","9":"product_tag-prawo-rzeczowe","10":"product_tag-seria-akademicka","12":"first","13":"instock","14":"sale","15":"shipping-taxable","16":"purchasable","17":"product-type-simple"},"_links":{"self":[{"href":"http:\/\/ksiegarnia-akademicka.pl\/index.php\/wp-json\/wp\/v2\/product\/11487","targetHints":{"allow":["GET"]}}],"collection":[{"href":"http:\/\/ksiegarnia-akademicka.pl\/index.php\/wp-json\/wp\/v2\/product"}],"about":[{"href":"http:\/\/ksiegarnia-akademicka.pl\/index.php\/wp-json\/wp\/v2\/types\/product"}],"wp:featuredmedia":[{"embeddable":true,"href":"http:\/\/ksiegarnia-akademicka.pl\/index.php\/wp-json\/wp\/v2\/media\/13858"}],"wp:attachment":[{"href":"http:\/\/ksiegarnia-akademicka.pl\/index.php\/wp-json\/wp\/v2\/media?parent=11487"}],"wp:term":[{"taxonomy":"product_brand","embeddable":true,"href":"http:\/\/ksiegarnia-akademicka.pl\/index.php\/wp-json\/wp\/v2\/product_brand?post=11487"},{"taxonomy":"product_cat","embeddable":true,"href":"http:\/\/ksiegarnia-akademicka.pl\/index.php\/wp-json\/wp\/v2\/product_cat?post=11487"},{"taxonomy":"product_tag","embeddable":true,"href":"http:\/\/ksiegarnia-akademicka.pl\/index.php\/wp-json\/wp\/v2\/product_tag?post=11487"}],"curies":[{"name":"wp","href":"https:\/\/api.w.org\/{rel}","templated":true}]}}