{"id":11209,"date":"2019-05-18T09:13:10","date_gmt":"2019-05-18T07:13:10","guid":{"rendered":"http:\/\/ksiegarnia-akademicka.pl\/?post_type=product&#038;p=11209"},"modified":"2019-05-18T09:13:11","modified_gmt":"2019-05-18T07:13:11","slug":"geriatria-elsevier-essentials","status":"publish","type":"product","link":"http:\/\/ksiegarnia-akademicka.pl\/index.php\/product\/geriatria-elsevier-essentials\/","title":{"rendered":"Geriatria Elsevier Essentials"},"content":{"rendered":"<p>K. Hager, O. Krause<\/p>\n<p>red. M. Sobieszcza\u0144ska<br \/>\n193 strony<br \/>\nrok wydania: 2018<br \/>\nformat: 140 x 210, opr. mi\u0119kka<br \/>\nISBN: 978-83-66067-51-6<\/p>\n<p>Pacjenci w starszym wieku stanowi\u0105 dla opieki zdrowotnej du\u017ce wyzwanie. Wsp\u00f3\u0142wyst\u0119powanie wielu chor\u00f3b, os\u0142abienie mechanizm\u00f3w adaptacyjnych i funkcji poszczeg\u00f3lnych uk\u0142ad\u00f3w (endokrynologicznego, odporno\u015bciowego, sercowo-naczyniowego, oddechowego, pokarmowego), ograniczenie mobilno\u015bci, a nawet unieruchomienie, upo\u015bledzenie funkcji poznawczych, depresja czy niedo\u017cywienie, znacznie utrudniaj\u0105 diagnostyk\u0119 i wymagaj\u0105 wnikliwego oraz szerokiego przeanalizowania stanu pacjenta. Farmakoterapia uwzgl\u0119dnia\u0107 musi odmienne warunki farmakokinetyki, dystrybucji i metabolizmu leku w organizmie starszego cz\u0142owieka, a tak\u017ce w nast\u0119pstwie polipragmazji ryzyko wyst\u0105pienia interakcji mi\u0119dzy stosowanymi lekami.<\/p>\n<p>W publikacji GERIATRIA znale\u017a\u0107 mo\u017cna informacje u\u0142atwiaj\u0105ce sprawowanie opieki i prowadzenie odpowiedniego leczenia u pacjent\u00f3w w starszym wieku.<\/p>\n<p>W niniejszej publikacji m.in.:<\/p>\n<p>na pocz\u0105tku rozdzia\u0142\u00f3w szybki przegl\u0105d omawianych zagadnie\u0144<br \/>\nstandardy i wytyczne<br \/>\nwskaz\u00f3wki dotycz\u0105ce wsp\u00f3\u0142pracy interdyscyplinarnej<br \/>\nzalecenia dla pacjenta \u2013 wa\u017cne porady w skr\u00f3cie<\/p>\n","protected":false},"excerpt":{"rendered":"<p>K. Hager, O. Krause red. M. Sobieszcza\u0144ska 193 strony rok [&hellip;]<\/p>\n","protected":false},"featured_media":11210,"template":"","meta":[],"product_brand":[],"product_cat":[7493,44],"product_tag":[7215,269],"class_list":{"0":"post-11209","1":"product","2":"type-product","3":"status-publish","4":"has-post-thumbnail","6":"product_cat-medycyna","7":"product_cat-nauki-medyczne","8":"product_tag-geriatria","9":"product_tag-podrecznik-akademicki","11":"first","12":"instock","13":"sale","14":"shipping-taxable","15":"purchasable","16":"product-type-simple"},"_links":{"self":[{"href":"http:\/\/ksiegarnia-akademicka.pl\/index.php\/wp-json\/wp\/v2\/product\/11209","targetHints":{"allow":["GET"]}}],"collection":[{"href":"http:\/\/ksiegarnia-akademicka.pl\/index.php\/wp-json\/wp\/v2\/product"}],"about":[{"href":"http:\/\/ksiegarnia-akademicka.pl\/index.php\/wp-json\/wp\/v2\/types\/product"}],"wp:featuredmedia":[{"embeddable":true,"href":"http:\/\/ksiegarnia-akademicka.pl\/index.php\/wp-json\/wp\/v2\/media\/11210"}],"wp:attachment":[{"href":"http:\/\/ksiegarnia-akademicka.pl\/index.php\/wp-json\/wp\/v2\/media?parent=11209"}],"wp:term":[{"taxonomy":"product_brand","embeddable":true,"href":"http:\/\/ksiegarnia-akademicka.pl\/index.php\/wp-json\/wp\/v2\/product_brand?post=11209"},{"taxonomy":"product_cat","embeddable":true,"href":"http:\/\/ksiegarnia-akademicka.pl\/index.php\/wp-json\/wp\/v2\/product_cat?post=11209"},{"taxonomy":"product_tag","embeddable":true,"href":"http:\/\/ksiegarnia-akademicka.pl\/index.php\/wp-json\/wp\/v2\/product_tag?post=11209"}],"curies":[{"name":"wp","href":"https:\/\/api.w.org\/{rel}","templated":true}]}}