{"id":11060,"date":"2019-05-07T09:03:16","date_gmt":"2019-05-07T07:03:16","guid":{"rendered":"http:\/\/ksiegarnia-akademicka.pl\/?post_type=product&#038;p=11060"},"modified":"2019-05-07T09:03:16","modified_gmt":"2019-05-07T07:03:16","slug":"ochrona-praw-lokatorow-i-najem-lokali-mieszkalnych-komentarz","status":"publish","type":"product","link":"http:\/\/ksiegarnia-akademicka.pl\/index.php\/product\/ochrona-praw-lokatorow-i-najem-lokali-mieszkalnych-komentarz\/","title":{"rendered":"Ochrona praw lokator\u00f3w i najem lokali mieszkalnych Komentarz"},"content":{"rendered":"<p>Nale\u017cy do serii:<br \/>\nKOMENTARZE PRAKTYCZNE<br \/>\nAutor:<br \/>\nEwa Bo\u0144czak-Kucharczyk<br \/>\nWydawca: Wolters Kluwer<br \/>\nOprawa: Mi\u0119kka<br \/>\nFormat: 14.5&#215;20.5cm<br \/>\nLiczba stron: 1094<br \/>\nWydanie: 4<br \/>\nRok wydania: 2019<br \/>\nJ\u0119zyk wydania: polski<\/p>\n<p>Komentarz obja\u015bnia przepisy dotycz\u0105ce gospodarowania zasobami mieszkaniowymi, najmu oraz innych form u\u017cywania cudzych mieszka\u0144 za odp\u0142atno\u015bci\u0105. Szczeg\u00f3ln\u0105 uwag\u0119 po\u015bwi\u0119cono regulacjom, kt\u00f3re odnosz\u0105 si\u0119 do dzia\u0142alno\u015bci jednostek samorz\u0105du terytorialnego i wykonywania przez gminy zada\u0144 zwi\u0105zanych z zaspokajaniem potrzeb mieszkaniowych ich mieszka\u0144c\u00f3w.<\/p>\n<p>W publikacji zosta\u0142y om\u00f3wione nowe rodzaje najmu, w tym:<br \/>\n&#8211; najem okazjonalny,<br \/>\n&#8211; najem instytucjonalny, w tym r\u00f3wnie\u017c z doj\u015bciem do w\u0142asno\u015bci,<br \/>\n&#8211; najem socjalny,<br \/>\n&#8211; najem z opcj\u0105,<br \/>\n&#8211; najem bez opcji.<br \/>\nAutorka szczeg\u00f3\u0142owo komentuje najnowsze ustawy i zmiany legislacyjne, takie jak:<br \/>\n&#8211; nowelizacja z 22.03.2018 r. (Dz.U. poz. 756) zmieniaj\u0105ca m.in. ustaw\u0119 o ochronie praw lokator\u00f3w wchodz\u0105ca w \u017cycie 21.04.2019 r.;<br \/>\n&#8211; ustawa z 20.07.2018 r. o Krajowym Zasobie Nieruchomo\u015bci i jej zmiany, kt\u00f3re wesz\u0142y w \u017cycie 5.10.2018 r. (Dz.U. poz. 1716);<br \/>\n&#8211; ustawa z 20.07.2018 r. o pomocy pa\u0144stwa w ponoszeniu wydatk\u00f3w mieszkaniowych w pierwszych latach najmu mieszkania (Dz.U. poz. 1540), kt\u00f3ra wprowadza dop\u0142aty do czynszu najmu i obowi\u0105zuje od 10.08.2018 r.<br \/>\nKsi\u0105\u017cka odnosi si\u0119 tak\u017ce do innych akt\u00f3w prawnych dotycz\u0105cych omawianej tematyki: ustawy o sp\u00f3\u0142dzielniach mieszkaniowych, ustawy o niekt\u00f3rych formach popierania budownictwa mieszkaniowego czy ustawy o gospodarce nieruchomo\u015bciami.<\/p>\n","protected":false},"excerpt":{"rendered":"<p>Nale\u017cy do serii: KOMENTARZE PRAKTYCZNE Autor: Ewa Bo\u0144czak-Kucharczyk Wydawca: Wolters [&hellip;]<\/p>\n","protected":false},"featured_media":11061,"template":"","meta":[],"product_brand":[],"product_cat":[34],"product_tag":[1550,6259,4603],"class_list":{"0":"post-11060","1":"product","2":"type-product","3":"status-publish","4":"has-post-thumbnail","6":"product_cat-nieruchomosci","7":"product_tag-komentarze-i-opracowania","8":"product_tag-prawo-o-nieruchomosciach","9":"product_tag-seria-komentarze-praktyczne","11":"first","12":"instock","13":"sale","14":"shipping-taxable","15":"purchasable","16":"product-type-simple"},"_links":{"self":[{"href":"http:\/\/ksiegarnia-akademicka.pl\/index.php\/wp-json\/wp\/v2\/product\/11060","targetHints":{"allow":["GET"]}}],"collection":[{"href":"http:\/\/ksiegarnia-akademicka.pl\/index.php\/wp-json\/wp\/v2\/product"}],"about":[{"href":"http:\/\/ksiegarnia-akademicka.pl\/index.php\/wp-json\/wp\/v2\/types\/product"}],"wp:featuredmedia":[{"embeddable":true,"href":"http:\/\/ksiegarnia-akademicka.pl\/index.php\/wp-json\/wp\/v2\/media\/11061"}],"wp:attachment":[{"href":"http:\/\/ksiegarnia-akademicka.pl\/index.php\/wp-json\/wp\/v2\/media?parent=11060"}],"wp:term":[{"taxonomy":"product_brand","embeddable":true,"href":"http:\/\/ksiegarnia-akademicka.pl\/index.php\/wp-json\/wp\/v2\/product_brand?post=11060"},{"taxonomy":"product_cat","embeddable":true,"href":"http:\/\/ksiegarnia-akademicka.pl\/index.php\/wp-json\/wp\/v2\/product_cat?post=11060"},{"taxonomy":"product_tag","embeddable":true,"href":"http:\/\/ksiegarnia-akademicka.pl\/index.php\/wp-json\/wp\/v2\/product_tag?post=11060"}],"curies":[{"name":"wp","href":"https:\/\/api.w.org\/{rel}","templated":true}]}}