{"id":10947,"date":"2019-04-26T08:41:14","date_gmt":"2019-04-26T06:41:14","guid":{"rendered":"http:\/\/ksiegarnia-akademicka.pl\/?post_type=product&#038;p=10947"},"modified":"2025-01-27T10:16:20","modified_gmt":"2025-01-27T09:16:20","slug":"homo-deus-krotka-historia-jutra-tytul-oryginalny-homo-deus-a-brief-history-of-tomorrow","status":"publish","type":"product","link":"http:\/\/ksiegarnia-akademicka.pl\/index.php\/product\/homo-deus-krotka-historia-jutra-tytul-oryginalny-homo-deus-a-brief-history-of-tomorrow\/","title":{"rendered":"Homo deus Kr\u00f3tka historia jutra Tytu\u0142 oryginalny: Homo Deus: A Brief History of Tomorrow"},"content":{"rendered":"<p>Autor:<br \/>\nYuval Noah Harari<br \/>\nT\u0142umacze: Romanek Micha\u0142<br \/>\nWydawca: Literackie<br \/>\nOprawa: Twarda<br \/>\nFormat: 15.2&#215;23.3cm<br \/>\nLiczba stron: 540<br \/>\nWydanie: 1<br \/>\nRok wydania: 2018<br \/>\nJ\u0119zyk wydania: polski<\/p>\n<p>\u015awiatowy bestseller. Nowa ksi\u0105\u017cka najbardziej inspiruj\u0105cego my\u015bliciela XXI wieku.<\/p>\n<p>Tak b\u0119dzie wygl\u0105da\u0142a nasza przysz\u0142o\u015b\u0107!<\/p>\n<p>Yuval Noah Harari w s\u0142ynnej ksi\u0105\u017cce Sapiens. Od zwierz\u0105t do bog\u00f3w opisywa\u0142 ewolucj\u0119 i histori\u0119 ludzko\u015bci. W swym najnowszym dziele stawia kolejny krok \u2013 w Homo deus\u2026 my\u015bliciel skupia si\u0119 na tera\u017aniejszych wyzwaniach, szuka odpowiedzi na pytanie, co nas czeka w przysz\u0142o\u015bci, a przede wszystkim udowadnia, \u017ce cz\u0142owiek pod wieloma wzgl\u0119dami ju\u017c sta\u0142 si\u0119 r\u00f3wny bogom i przyst\u0105pi\u0142 do realizacji kolejnych marze\u0144: o nie\u015bmiertelno\u015bci i szcz\u0119\u015bciu.<\/p>\n<p>Harari z niezwyk\u0142\u0105 lekko\u015bci\u0105, a zarazem wnikliwo\u015bci\u0105 \u0142\u0105czy histori\u0119, filozofi\u0119, socjologi\u0119, biotechnologi\u0119 i wiele innych dziedzin nauki. Z tego po\u0142\u0105czenia wy\u0142ania si\u0119 fascynuj\u0105ca wizja XXI wieku jako epoki, w kt\u00f3rej dokona si\u0119 najwa\u017cniejsza i najg\u0142\u0119bsza przemiana w dziejach.<\/p>\n<p>\u015amier\u0107 to tylko problem techniczny.<\/p>\n<p>\u015awiatowe korporacje prowadz\u0105 wy\u015bcig po nie\u015bmiertelno\u015b\u0107. Ju\u017c niebawem najbogatszych b\u0119dzie sta\u0107 na przed\u0142u\u017canie swojego \u017cycia. Je\u015bli cz\u0142owiek b\u0119dzie nie\u015bmiertelny, jak zmieni\u0105 si\u0119 spo\u0142ecze\u0144stwa i religie?<\/p>\n<p>Czy ludzko\u015b\u0107 osi\u0105gnie szcz\u0119\u015bcie?<\/p>\n<p>Cz\u0142owiek to biologiczna maszyna, a skoro tak, mo\u017cna ni\u0105 sterowa\u0107. W XXI wieku poczucie szcz\u0119\u015bcia po prostu b\u0119dzie mo\u017cna w\u0142\u0105czy\u0107 na \u017c\u0105danie.<\/p>\n<p>Wojna to prze\u017cytek<\/p>\n<p>Ju\u017c dzisiaj wi\u0119cej os\u00f3b umiera w wyniku samob\u00f3jstw ni\u017c w konfliktach zbrojnych. O czym to \u015bwiadczy?<\/p>\n<p>Nowe religie, nowa struktura spo\u0142eczna, nowa ekonomia, bioin\u017cynieria, cyborgizacja, nowa etyka i nowy humanizm. Jeste\u015bmy na to gotowi? Czy odnajdziemy si\u0119 w takim \u015bwiecie?<\/p>\n<p>To rodzaj ksi\u0105\u017cki, kt\u00f3ra zmiata paj\u0119czyny z naszych m\u00f3zg\u00f3w. Styl Harariego, promieniuj\u0105cy moc\u0105 i jasno\u015bci\u0105 sprawia, \u017ce czytelnik patrzy na \u015bwiat jak na zjawisko dziwne i zarazem nowe.<\/p>\n<p>\u201eSunday Times\u201d<\/p>\n<p>Yuval Noah Harari (ur. 1976) \u2013 izraelski historyk, profesor na Hebrew University w Jerozolimie. Obecnie uwa\u017cany jest za jednego z najwa\u017cniejszych makrohistoryk\u00f3w i filozof\u00f3w wsp\u00f3\u0142czesnych. Autor mi\u0119dzynarodowego bestsellera Sapiens. Od zwierz\u0105t do bog\u00f3w. Ksi\u0105\u017cka okaza\u0142a si\u0119 wielkim sukcesem \u2013 ponad 5 milion\u00f3w sprzedanych egzemplarzy w 45 krajach. Druga ksi\u0105\u017cka Homo deus r\u00f3wnie\u017c okaza\u0142a si\u0119 bestsellerem \u2013 dotar\u0142a do trzeciego miejsca na li\u015bcie bestseller\u00f3w \u201eNew York Timesa\u201d, a na brytyjskiej li\u015bcie \u201eThe Sunday Times\u201d przez 8 tygodni go\u015bci\u0142a na pierwszym miejscu (dziel\u0105c miejsce z pierwsz\u0105 ksi\u0105\u017ck\u0105 Harariego).<\/p>\n<p>Yuval Noah Harari mieszka pod Jerozolimie wraz ze swoim m\u0119\u017cem. Jest weganinem i nie posiada telefonu kom\u00f3rkowego.<\/p>\n","protected":false},"excerpt":{"rendered":"<p>Autor: Yuval Noah Harari T\u0142umacze: Romanek Micha\u0142 Wydawca: Literackie Oprawa: [&hellip;]<\/p>\n","protected":false},"featured_media":10948,"template":"","meta":[],"product_brand":[],"product_cat":[7505,7506,27,7508],"product_tag":[1190,5978,233],"class_list":{"0":"post-10947","1":"product","2":"type-product","3":"status-publish","4":"has-post-thumbnail","6":"product_cat-etyka","7":"product_cat-filozofia","8":"product_cat-nauki-spoleczne","9":"product_cat-socjologia","10":"product_tag-antropologia","11":"product_tag-ewolucja","12":"product_tag-filozofia","14":"first","15":"instock","16":"sale","17":"shipping-taxable","18":"purchasable","19":"product-type-simple"},"_links":{"self":[{"href":"http:\/\/ksiegarnia-akademicka.pl\/index.php\/wp-json\/wp\/v2\/product\/10947","targetHints":{"allow":["GET"]}}],"collection":[{"href":"http:\/\/ksiegarnia-akademicka.pl\/index.php\/wp-json\/wp\/v2\/product"}],"about":[{"href":"http:\/\/ksiegarnia-akademicka.pl\/index.php\/wp-json\/wp\/v2\/types\/product"}],"wp:featuredmedia":[{"embeddable":true,"href":"http:\/\/ksiegarnia-akademicka.pl\/index.php\/wp-json\/wp\/v2\/media\/10948"}],"wp:attachment":[{"href":"http:\/\/ksiegarnia-akademicka.pl\/index.php\/wp-json\/wp\/v2\/media?parent=10947"}],"wp:term":[{"taxonomy":"product_brand","embeddable":true,"href":"http:\/\/ksiegarnia-akademicka.pl\/index.php\/wp-json\/wp\/v2\/product_brand?post=10947"},{"taxonomy":"product_cat","embeddable":true,"href":"http:\/\/ksiegarnia-akademicka.pl\/index.php\/wp-json\/wp\/v2\/product_cat?post=10947"},{"taxonomy":"product_tag","embeddable":true,"href":"http:\/\/ksiegarnia-akademicka.pl\/index.php\/wp-json\/wp\/v2\/product_tag?post=10947"}],"curies":[{"name":"wp","href":"https:\/\/api.w.org\/{rel}","templated":true}]}}