{"id":10916,"date":"2019-04-15T09:16:10","date_gmt":"2019-04-15T07:16:10","guid":{"rendered":"http:\/\/ksiegarnia-akademicka.pl\/?post_type=product&#038;p=10916"},"modified":"2019-04-15T09:16:10","modified_gmt":"2019-04-15T07:16:10","slug":"rak-piersi-praktyczny-przewodnik-dla-lekarzy","status":"publish","type":"product","link":"http:\/\/ksiegarnia-akademicka.pl\/index.php\/product\/rak-piersi-praktyczny-przewodnik-dla-lekarzy\/","title":{"rendered":"Rak piersi Praktyczny przewodnik dla lekarzy"},"content":{"rendered":"<p>Redakcja: Jassem Jacek, Krzakowski Maciej<br \/>\nWydawca: Via Medica<br \/>\nOprawa: Plastikowa<br \/>\nFormat: 12.0&#215;20.5cm<br \/>\nLiczba stron: 266<br \/>\nWydanie: 3<br \/>\nRok wydania: 2019<br \/>\nJ\u0119zyk wydania: polski<\/p>\n<p>Mi\u0142o nam przekaza\u0107 Pa\u0144stwu drugie wydanie publikacji z serii Praktyczny Przewodnik dla Lekarzy po\u015bwi\u0119cone rakowi piersi. Aktualizacja podr\u0119cznika sta\u0142a si\u0119 konieczna w zwi\u0105zku z szybkim wyczerpaniem nak\u0142adu pierwszego wydania i gwa\u0142townym rozwojem wiedzy na temat biologii i kliniki tego nowotworu. Rak piersi jest najcz\u0119stszym nowotworem i najcz\u0119stsz\u0105 przyczyn\u0105 zgon\u00f3w kobiet na \u015bwiecie. Nowotw\u00f3r ten budzi ogromne zainteresowanie i sta\u0142 si\u0119 problemem nie tylko medycznym, ale tak\u017ce spo\u0142ecznym i ekonomicznym. W ostatnich dziesi\u0119cioleciach dokona\u0142 si\u0119 spektakularny post\u0119p w skuteczno\u015bci leczenia raka piersi, czego wymiernym efektem jest zmniejszaj\u0105ca si\u0119 w wielu krajach umieralno\u015b\u0107. Leczenie raka piersi sta\u0142o si\u0119 r\u00f3wnocze\u015bnie mniej okaleczaj\u0105ce i bardziej bezpieczne. Niniejsze opracowanie przedstawia najwa\u017cniejsze zagadnienia dotycz\u0105ce raka piersi w skr\u00f3towej, przejrzystej formie, przy zachowaniu zasad medycyny opartej na dowodach naukowych, z odno\u015bnikami do najwa\u017cniejszych pozycji pi\u015bmiennictwa i aktualnych zalece\u0144. Kieszonkowy format podr\u0119cznika powinien Pa\u0144stwu u\u0142atwi\u0107 korzystanie z niego w codziennej praktyce klinicznej.<br \/>\nJacek Jassem i Maciej Krzakowski<\/p>\n","protected":false},"excerpt":{"rendered":"<p>Redakcja: Jassem Jacek, Krzakowski Maciej Wydawca: Via Medica Oprawa: Plastikowa [&hellip;]<\/p>\n","protected":false},"featured_media":10917,"template":"","meta":[],"product_brand":[],"product_cat":[7493],"product_tag":[6913,7861],"class_list":{"0":"post-10916","1":"product","2":"type-product","3":"status-publish","4":"has-post-thumbnail","6":"product_cat-medycyna","7":"product_tag-onkologia","8":"product_tag-rak-piersi","10":"first","11":"instock","12":"sale","13":"shipping-taxable","14":"purchasable","15":"product-type-simple"},"_links":{"self":[{"href":"http:\/\/ksiegarnia-akademicka.pl\/index.php\/wp-json\/wp\/v2\/product\/10916","targetHints":{"allow":["GET"]}}],"collection":[{"href":"http:\/\/ksiegarnia-akademicka.pl\/index.php\/wp-json\/wp\/v2\/product"}],"about":[{"href":"http:\/\/ksiegarnia-akademicka.pl\/index.php\/wp-json\/wp\/v2\/types\/product"}],"wp:featuredmedia":[{"embeddable":true,"href":"http:\/\/ksiegarnia-akademicka.pl\/index.php\/wp-json\/wp\/v2\/media\/10917"}],"wp:attachment":[{"href":"http:\/\/ksiegarnia-akademicka.pl\/index.php\/wp-json\/wp\/v2\/media?parent=10916"}],"wp:term":[{"taxonomy":"product_brand","embeddable":true,"href":"http:\/\/ksiegarnia-akademicka.pl\/index.php\/wp-json\/wp\/v2\/product_brand?post=10916"},{"taxonomy":"product_cat","embeddable":true,"href":"http:\/\/ksiegarnia-akademicka.pl\/index.php\/wp-json\/wp\/v2\/product_cat?post=10916"},{"taxonomy":"product_tag","embeddable":true,"href":"http:\/\/ksiegarnia-akademicka.pl\/index.php\/wp-json\/wp\/v2\/product_tag?post=10916"}],"curies":[{"name":"wp","href":"https:\/\/api.w.org\/{rel}","templated":true}]}}