{"id":10670,"date":"2019-03-28T15:46:08","date_gmt":"2019-03-28T14:46:08","guid":{"rendered":"http:\/\/ksiegarnia-akademicka.pl\/?post_type=product&#038;p=10670"},"modified":"2019-03-28T15:46:09","modified_gmt":"2019-03-28T14:46:09","slug":"otwarcie-testamentu-w-prawie-rzymskim","status":"publish","type":"product","link":"http:\/\/ksiegarnia-akademicka.pl\/index.php\/product\/otwarcie-testamentu-w-prawie-rzymskim\/","title":{"rendered":"Otwarcie testamentu w prawie rzymskim"},"content":{"rendered":"<p>Autor:<br \/>\nKursa S\u0142awomir Patrycjusz<br \/>\nWydawca: Wydawnictwo Uniwersytetu Jagiello\u0144skiego<br \/>\nOprawa: Twarda<br \/>\nFormat: 15.0&#215;21.0cm<br \/>\nLiczba stron: 150<br \/>\nRok wydania: 2019<br \/>\nJ\u0119zyk wydania: polski<\/p>\n<p>Otwarcie testamentu jest jednym z mniej zbadanych zagadnie\u0144 rzymskiego prawa prywatnego, co uzasadnia podj\u0119cie bada\u0144 w tym obszarze. Nie ma osobnej monografii (zw\u0142aszcza w j\u0119zyku polskim), kt\u00f3ra obejmowa\u0142aby powy\u017csz\u0105 problematyk\u0119 ca\u0142o\u015bciowo, w aspekcie nie tylko prawa klasycznego, ale tak\u017ce zmian dokonanych w tym zakresie przez Justyniana. [\u2026] Wyb\u00f3r tematu nale\u017cy uzna\u0107 za trafny i naukowo uzasadniony. Tym bardziej \u017ce jest to kwestia istotna, r\u00f3wnie\u017c wsp\u00f3\u0142cze\u015bnie, w dobie post\u0119pu technologicznego i wszechobecnej informatyzacji, wskazuje si\u0119 na konieczno\u015b\u0107 zachowania bezpiecze\u0144stwa obrotu w sferze nast\u0119pstwa mortis causa.<br \/>\nKsi\u0105\u017cka [\u2026] zawiera szczeg\u00f3\u0142owe rozwa\u017cania odno\u015bnie do ewolucji tytu\u0142owego zagadnienia w r\u00f3\u017cnych okresach rozwoju prawa rzymskiego. Przynosi mi\u0119dzy innymi odpowied\u017a na pytania, co ze spu\u015bcizny prawa klasycznego i poklasycznego w przedmiocie otwarcia testamentu zachowano w prawie justynia\u0144skim oraz jakie nowo\u015bci w tym zakresie wprowadzi\u0142 Justynian.<br \/>\nZ recenzji dr hab. Renaty \u015awirgo\u0144-Skok, prof. UR<\/p>\n<p>S\u0142awomir Patrycjusz Kursa \u2013 radca prawny, doktor habilitowany nauk prawnych, profesor na Wydziale Prawa SWPS Uniwersytetu Humanistycznospo\u0142ecznego w Warszawie; wieloletni dydaktyk, wyk\u0142adowca Uniwersytetu Warmi\u0144sko-Mazurskiego w Olsztynie oraz Universita degli Studi di Bari Aldo Moro; uczestnik konferencji naukowych w Polsce i za granic\u0105; autor licznych publikacji z zakresu prawa rzymskiego, mi\u0119dzy innymi monografii La diseredazione nel diritto giustinianeo (Bari 2012) i Testator i formy testamentu w rzymskim prawie justynia\u0144skim (Warszawa 2017).<\/p>\n","protected":false},"excerpt":{"rendered":"<p>Autor: Kursa S\u0142awomir Patrycjusz Wydawca: Wydawnictwo Uniwersytetu Jagiello\u0144skiego Oprawa: Twarda [&hellip;]<\/p>\n","protected":false},"featured_media":10671,"template":"","meta":[],"product_brand":[],"product_cat":[7491,18],"product_tag":[707,618],"class_list":{"0":"post-10670","1":"product","2":"type-product","3":"status-publish","4":"has-post-thumbnail","6":"product_cat-cywilne","7":"product_cat-prawo","8":"product_tag-prawo-rzymskie","9":"product_tag-prawo-spadkowe","11":"first","12":"instock","13":"sale","14":"shipping-taxable","15":"purchasable","16":"product-type-simple"},"_links":{"self":[{"href":"http:\/\/ksiegarnia-akademicka.pl\/index.php\/wp-json\/wp\/v2\/product\/10670","targetHints":{"allow":["GET"]}}],"collection":[{"href":"http:\/\/ksiegarnia-akademicka.pl\/index.php\/wp-json\/wp\/v2\/product"}],"about":[{"href":"http:\/\/ksiegarnia-akademicka.pl\/index.php\/wp-json\/wp\/v2\/types\/product"}],"wp:featuredmedia":[{"embeddable":true,"href":"http:\/\/ksiegarnia-akademicka.pl\/index.php\/wp-json\/wp\/v2\/media\/10671"}],"wp:attachment":[{"href":"http:\/\/ksiegarnia-akademicka.pl\/index.php\/wp-json\/wp\/v2\/media?parent=10670"}],"wp:term":[{"taxonomy":"product_brand","embeddable":true,"href":"http:\/\/ksiegarnia-akademicka.pl\/index.php\/wp-json\/wp\/v2\/product_brand?post=10670"},{"taxonomy":"product_cat","embeddable":true,"href":"http:\/\/ksiegarnia-akademicka.pl\/index.php\/wp-json\/wp\/v2\/product_cat?post=10670"},{"taxonomy":"product_tag","embeddable":true,"href":"http:\/\/ksiegarnia-akademicka.pl\/index.php\/wp-json\/wp\/v2\/product_tag?post=10670"}],"curies":[{"name":"wp","href":"https:\/\/api.w.org\/{rel}","templated":true}]}}

<p>Autor:<br />
Kursa Sławomir Patrycjusz<br />
Wydawca: Wydawnictwo Uniwersytetu Jagiellońskiego<br />
Oprawa: Twarda<br />
Format: 15.0&#215;21.0cm<br />
Liczba stron: 150<br />
Rok wydania: 2019<br />
Język wydania: polski</p>
<p>Otwarcie testamentu jest jednym z mniej zbadanych zagadnień rzymskiego prawa prywatnego, co uzasadnia podjęcie badań w tym obszarze. Nie ma osobnej monografii (zwłaszcza w języku polskim), która obejmowałaby powyższą problematykę całościowo, w aspekcie nie tylko prawa klasycznego, ale także zmian dokonanych w tym zakresie przez Justyniana. […] Wybór tematu należy uznać za trafny i naukowo uzasadniony. Tym bardziej że jest to kwestia istotna, również współcześnie, w dobie postępu technologicznego i wszechobecnej informatyzacji, wskazuje się na konieczność zachowania bezpieczeństwa obrotu w sferze następstwa mortis causa.<br />
Książka […] zawiera szczegółowe rozważania odnośnie do ewolucji tytułowego zagadnienia w różnych okresach rozwoju prawa rzymskiego. Przynosi między innymi odpowiedź na pytania, co ze spuścizny prawa klasycznego i poklasycznego w przedmiocie otwarcia testamentu zachowano w prawie justyniańskim oraz jakie nowości w tym zakresie wprowadził Justynian.<br />
Z recenzji dr hab. Renaty Świrgoń-Skok, prof. UR</p>
<p>Sławomir Patrycjusz Kursa – radca prawny, doktor habilitowany nauk prawnych, profesor na Wydziale Prawa SWPS Uniwersytetu Humanistycznospołecznego w Warszawie; wieloletni dydaktyk, wykładowca Uniwersytetu Warmińsko-Mazurskiego w Olsztynie oraz Universita degli Studi di Bari Aldo Moro; uczestnik konferencji naukowych w Polsce i za granicą; autor licznych publikacji z zakresu prawa rzymskiego, między innymi monografii La diseredazione nel diritto giustinianeo (Bari 2012) i Testator i formy testamentu w rzymskim prawie justyniańskim (Warszawa 2017).</p>

<p>Autor: Kursa Sławomir Patrycjusz Wydawca: Wydawnictwo Uniwersytetu Jagiellońskiego Oprawa: Twarda [&hellip;]</p>
