{"id":10620,"date":"2019-03-25T14:05:30","date_gmt":"2019-03-25T13:05:30","guid":{"rendered":"http:\/\/ksiegarnia-akademicka.pl\/?post_type=product&#038;p=10620"},"modified":"2019-03-25T14:05:31","modified_gmt":"2019-03-25T13:05:31","slug":"status-dziecka-jako-uczestnika-postepowania-nieprocesowego","status":"publish","type":"product","link":"http:\/\/ksiegarnia-akademicka.pl\/index.php\/product\/status-dziecka-jako-uczestnika-postepowania-nieprocesowego\/","title":{"rendered":"Status dziecka jako uczestnika post\u0119powania nieprocesowego"},"content":{"rendered":"<p>Autor:<br \/>\nJoanna Bodio<br \/>\nWydawca: Wolters Kluwer<br \/>\nOprawa: Twarda<br \/>\nLiczba stron: 508<br \/>\nWydanie: 1<br \/>\nRok wydania: 2019<br \/>\nJ\u0119zyk wydania: polski<\/p>\n<p>Przedmiotem ksi\u0105\u017cki jest status dziecka, zar\u00f3wno ma\u0142oletniego, jak i nasciturusa, jako uczestnika post\u0119powania nieprocesowego (kodeksowego i pozakodeksowego).<\/p>\n<p>Autorka szczeg\u00f3\u0142owo omawia kwestie zwi\u0105zane z uzyskaniem przez dziecko statusu uczestnika post\u0119powania nieprocesowego, jego kwalifikacje podmiotowe: zdolno\u015b\u0107 s\u0105dow\u0105, procesow\u0105 i postulacyjn\u0105, interes prawny, legitymacj\u0119 procesow\u0105. Uwzgl\u0119dnia r\u00f3wnie\u017c praktyk\u0119 stosowania prawa, wykorzystuj\u0105c orzecznictwo S\u0105du Najwy\u017cszego i s\u0105d\u00f3w powszechnych, dokonuje analizy prawnopor\u00f3wnawczej z zagranicznymi systemami prawnymi, prezentuje tak\u017ce wnioski de lege ferenda.<\/p>\n<p>W monografii przedstawiono r\u00f3\u017cne formy udzia\u0142u dziecka w post\u0119powaniu nieprocesowym zwi\u0105zane z jego uczestnictwem w charakterze wnioskodawcy i uczestnika post\u0119powania nieprocesowego (w tym uczestnika z mocy prawa), jak te\u017c wyst\u0119powanie w roli \u015bwiadka. Zakres rozwa\u017ca\u0144 obejmuje r\u00f3wnie\u017c zagadnienia zwi\u0105zane z uprawnieniami i ci\u0119\u017carami procesowymi dotycz\u0105cymi dziecka w post\u0119powaniu nieprocesowym oraz z utrat\u0105 przez nie statusu uczestnika post\u0119powania nieprocesowego.<\/p>\n","protected":false},"excerpt":{"rendered":"<p>Autor: Joanna Bodio Wydawca: Wolters Kluwer Oprawa: Twarda Liczba stron: [&hellip;]<\/p>\n","protected":false},"featured_media":10621,"template":"","meta":[],"product_brand":[],"product_cat":[7491,18],"product_tag":[615,4584],"class_list":{"0":"post-10620","1":"product","2":"type-product","3":"status-publish","4":"has-post-thumbnail","6":"product_cat-cywilne","7":"product_cat-prawo","8":"product_tag-prawo-cywilne","9":"product_tag-prawo-rodzinne-i-opiekuncze","11":"first","12":"instock","13":"sale","14":"shipping-taxable","15":"purchasable","16":"product-type-simple"},"_links":{"self":[{"href":"http:\/\/ksiegarnia-akademicka.pl\/index.php\/wp-json\/wp\/v2\/product\/10620","targetHints":{"allow":["GET"]}}],"collection":[{"href":"http:\/\/ksiegarnia-akademicka.pl\/index.php\/wp-json\/wp\/v2\/product"}],"about":[{"href":"http:\/\/ksiegarnia-akademicka.pl\/index.php\/wp-json\/wp\/v2\/types\/product"}],"wp:featuredmedia":[{"embeddable":true,"href":"http:\/\/ksiegarnia-akademicka.pl\/index.php\/wp-json\/wp\/v2\/media\/10621"}],"wp:attachment":[{"href":"http:\/\/ksiegarnia-akademicka.pl\/index.php\/wp-json\/wp\/v2\/media?parent=10620"}],"wp:term":[{"taxonomy":"product_brand","embeddable":true,"href":"http:\/\/ksiegarnia-akademicka.pl\/index.php\/wp-json\/wp\/v2\/product_brand?post=10620"},{"taxonomy":"product_cat","embeddable":true,"href":"http:\/\/ksiegarnia-akademicka.pl\/index.php\/wp-json\/wp\/v2\/product_cat?post=10620"},{"taxonomy":"product_tag","embeddable":true,"href":"http:\/\/ksiegarnia-akademicka.pl\/index.php\/wp-json\/wp\/v2\/product_tag?post=10620"}],"curies":[{"name":"wp","href":"https:\/\/api.w.org\/{rel}","templated":true}]}}