{"id":10609,"date":"2019-03-25T13:34:09","date_gmt":"2019-03-25T12:34:09","guid":{"rendered":"http:\/\/ksiegarnia-akademicka.pl\/?post_type=product&#038;p=10609"},"modified":"2019-03-25T13:34:09","modified_gmt":"2019-03-25T12:34:09","slug":"miedzy-osoba-a-wspolnota-kategoria-uczestnictwa-w-mysli-spolecznej-karola-wojtyly-jana-pawla-ii","status":"publish","type":"product","link":"http:\/\/ksiegarnia-akademicka.pl\/index.php\/product\/miedzy-osoba-a-wspolnota-kategoria-uczestnictwa-w-mysli-spolecznej-karola-wojtyly-jana-pawla-ii\/","title":{"rendered":"Mi\u0119dzy osob\u0105 a wsp\u00f3lnot\u0105  Kategoria uczestnictwa w my\u015bli spo\u0142ecznej Karola Wojty\u0142y \u2013 Jana Paw\u0142a II"},"content":{"rendered":"<p>Wojciech Wojty\u0142a<br \/>\nISBN: 978-83-66017-39-9<br \/>\ne-ISBN: 978-83-66017-40-5<br \/>\nLiczba stron: 202<br \/>\nFormat: B5<br \/>\nOprawa: twarda<br \/>\nRok wydania: 2019<\/p>\n","protected":false},"excerpt":{"rendered":"<p>Wojciech Wojty\u0142a ISBN: 978-83-66017-39-9 e-ISBN: 978-83-66017-40-5 Liczba stron: 202 Format: [&hellip;]<\/p>\n","protected":false},"featured_media":10610,"template":"","meta":[],"product_brand":[],"product_cat":[7505,7506,27],"product_tag":[235,233,7412],"class_list":{"0":"post-10609","1":"product","2":"type-product","3":"status-publish","4":"has-post-thumbnail","6":"product_cat-etyka","7":"product_cat-filozofia","8":"product_cat-nauki-spoleczne","9":"product_tag-etyka","10":"product_tag-filozofia","11":"product_tag-jan-pawel-ii","13":"first","14":"instock","15":"shipping-taxable","16":"purchasable","17":"product-type-simple"},"_links":{"self":[{"href":"http:\/\/ksiegarnia-akademicka.pl\/index.php\/wp-json\/wp\/v2\/product\/10609","targetHints":{"allow":["GET"]}}],"collection":[{"href":"http:\/\/ksiegarnia-akademicka.pl\/index.php\/wp-json\/wp\/v2\/product"}],"about":[{"href":"http:\/\/ksiegarnia-akademicka.pl\/index.php\/wp-json\/wp\/v2\/types\/product"}],"wp:featuredmedia":[{"embeddable":true,"href":"http:\/\/ksiegarnia-akademicka.pl\/index.php\/wp-json\/wp\/v2\/media\/10610"}],"wp:attachment":[{"href":"http:\/\/ksiegarnia-akademicka.pl\/index.php\/wp-json\/wp\/v2\/media?parent=10609"}],"wp:term":[{"taxonomy":"product_brand","embeddable":true,"href":"http:\/\/ksiegarnia-akademicka.pl\/index.php\/wp-json\/wp\/v2\/product_brand?post=10609"},{"taxonomy":"product_cat","embeddable":true,"href":"http:\/\/ksiegarnia-akademicka.pl\/index.php\/wp-json\/wp\/v2\/product_cat?post=10609"},{"taxonomy":"product_tag","embeddable":true,"href":"http:\/\/ksiegarnia-akademicka.pl\/index.php\/wp-json\/wp\/v2\/product_tag?post=10609"}],"curies":[{"name":"wp","href":"https:\/\/api.w.org\/{rel}","templated":true}]}}