{"id":10535,"date":"2019-03-21T09:22:18","date_gmt":"2019-03-21T08:22:18","guid":{"rendered":"http:\/\/ksiegarnia-akademicka.pl\/?post_type=product&#038;p=10535"},"modified":"2024-12-04T14:18:36","modified_gmt":"2024-12-04T13:18:36","slug":"wladcy-umyslow-biografie-niezwyklych-ludzi-ktorzy-wymyslili-xxi-wiek","status":"publish","type":"product","link":"http:\/\/ksiegarnia-akademicka.pl\/index.php\/product\/wladcy-umyslow-biografie-niezwyklych-ludzi-ktorzy-wymyslili-xxi-wiek\/","title":{"rendered":"W\u0142adcy umys\u0142\u00f3w Biografie niezwyk\u0142ych ludzi, kt\u00f3rzy wymy\u015blili XXI wiek"},"content":{"rendered":"<p>Autor:<br \/>\nPrzemys\u0142aw S\u0142owi\u0144ski<br \/>\nWydawca: Fronda<br \/>\nOprawa: Mi\u0119kka ze skrzyde\u0142kami<br \/>\nFormat: 16.0&#215;23.0cm<br \/>\nLiczba stron: 432<br \/>\nRok wydania: 2019<br \/>\nJ\u0119zyk wydania: polski<\/p>\n<p>&#8222;Steve Jobs. Wsp\u00f3\u0142za\u0142o\u017cyciel firmy Apple, cz\u0142owiek, kt\u00f3ry wprowadzi\u0142 na rynek komputery Macintosh. Przekona\u0142 przemys\u0142 muzyczny do sprzedawania pojedynczych hit\u00f3w w internetowym sklepie iTunes &#8211; jako gotowy materia\u0142 dla odtwarzaczy iPod. Po iPhonie, kt\u00f3ry zrewolucjonizowa\u0142 rynek smartfon\u00f3w, zd\u0105\u017cy\u0142 jeszcze zaprezentowa\u0107 \u015bwiatu tablet iPad.<\/p>\n<p>Bill Gates. Miliarder, zarobi\u0142 fortun\u0119 na obecnym wsz\u0119dzie oprogramowaniu nale\u017c\u0105cej do niego firmy Microsoft, a teraz chce walczy\u0107 z przeludnieniem na Ziemi.<\/p>\n<p>Mark Zuckerberg. Najm\u0142odszy miliarder \u015bwiata, kt\u00f3ry przeora\u0142 media spo\u0142eczno\u015bciowe, wymy\u015blaj\u0105c wraz z kolegami z Harvardu Facebooka.<\/p>\n<p>Elon Musk. Uchodzi za pomys\u0142odawc\u0119 kolei super pr\u0119dko\u015bci Hyperloop, w\u0142a\u015bciciel SpaceX, pierwszej prywatnej firmy konstruuj\u0105cej rakiety no\u015bne dla pojazd\u00f3w kosmicznych, wsp\u00f3\u0142za\u0142o\u017cyciel Tesla Motors, potentata produkcji samochod\u00f3w elektrycznych.<\/p>\n<p>Robert Maxwell. Wsp\u00f3\u0142udzia\u0142owiec Agencji Reutera, Agence Centrale de Presse, wydawca \u201eDaily Mirror\u201d, przed kt\u00f3rym dr\u017ca\u0142y osobisto\u015bci tego \u015bwiata.<\/p>\n<p>Rupert Murdoch. W\u0142a\u015bciciel \u201eThe Times\u201d, \u201eNew York Post\u201d i tabloidu \u201eMirror\u201d a tak\u017ce pierwszej prywatnej telewizji satelitarnej Sky, Fox Broadcasting Company i Fox News.<\/p>\n<p>Ted Turner. Tw\u00f3rca koncernu medialnego Turner Broadcasting System, w sk\u0142ad kt\u00f3rego wchodzi m.in. CNN. Cz\u0142owiek Roku 1991 wed\u0142ug magazynu \u201eTimes\u201d, kt\u00f3rego jest wsp\u00f3\u0142w\u0142a\u015bcicielem.<\/p>\n<p>Sk\u0105d si\u0119 wzi\u0119li, jakie s\u0105 ich plany, czy maj\u0105 ze sob\u0105 co\u015b wsp\u00f3lnego?<\/p>\n<p>Nigdy na nich nie g\u0142osowali\u015bmy, a kieruj\u0105 naszym \u017cyciem. Dysponuj\u0105 ponadnarodow\u0105 w\u0142adz\u0105 i funduszami znacznie wi\u0119kszymi ni\u017c bud\u017cety zamo\u017cnych pa\u0144stw. Dok\u0105d nas prowadz\u0105? Sprawd\u017amy, czy jest nam z nimi po drodze.<\/p>\n","protected":false},"excerpt":{"rendered":"<p>Autor: Przemys\u0142aw S\u0142owi\u0144ski Wydawca: Fronda Oprawa: Mi\u0119kka ze skrzyde\u0142kami Format: [&hellip;]<\/p>\n","protected":false},"featured_media":10536,"template":"","meta":[],"product_brand":[],"product_cat":[17,7498],"product_tag":[2322,337,4546],"class_list":{"0":"post-10535","1":"product","2":"type-product","3":"status-publish","4":"has-post-thumbnail","6":"product_cat-ekonomia","7":"product_cat-teoria-ekonomii","8":"product_tag-biografie","9":"product_tag-ekonomia","10":"product_tag-historia-ekonomii","12":"first","13":"instock","14":"sale","15":"shipping-taxable","16":"purchasable","17":"product-type-simple"},"_links":{"self":[{"href":"http:\/\/ksiegarnia-akademicka.pl\/index.php\/wp-json\/wp\/v2\/product\/10535","targetHints":{"allow":["GET"]}}],"collection":[{"href":"http:\/\/ksiegarnia-akademicka.pl\/index.php\/wp-json\/wp\/v2\/product"}],"about":[{"href":"http:\/\/ksiegarnia-akademicka.pl\/index.php\/wp-json\/wp\/v2\/types\/product"}],"wp:featuredmedia":[{"embeddable":true,"href":"http:\/\/ksiegarnia-akademicka.pl\/index.php\/wp-json\/wp\/v2\/media\/10536"}],"wp:attachment":[{"href":"http:\/\/ksiegarnia-akademicka.pl\/index.php\/wp-json\/wp\/v2\/media?parent=10535"}],"wp:term":[{"taxonomy":"product_brand","embeddable":true,"href":"http:\/\/ksiegarnia-akademicka.pl\/index.php\/wp-json\/wp\/v2\/product_brand?post=10535"},{"taxonomy":"product_cat","embeddable":true,"href":"http:\/\/ksiegarnia-akademicka.pl\/index.php\/wp-json\/wp\/v2\/product_cat?post=10535"},{"taxonomy":"product_tag","embeddable":true,"href":"http:\/\/ksiegarnia-akademicka.pl\/index.php\/wp-json\/wp\/v2\/product_tag?post=10535"}],"curies":[{"name":"wp","href":"https:\/\/api.w.org\/{rel}","templated":true}]}}