{"id":10508,"date":"2019-03-18T08:53:12","date_gmt":"2019-03-18T07:53:12","guid":{"rendered":"http:\/\/ksiegarnia-akademicka.pl\/?post_type=product&#038;p=10508"},"modified":"2019-03-18T08:53:13","modified_gmt":"2019-03-18T07:53:13","slug":"reumatologia-wieku-rozwojowego-kompendium","status":"publish","type":"product","link":"http:\/\/ksiegarnia-akademicka.pl\/index.php\/product\/reumatologia-wieku-rozwojowego-kompendium\/","title":{"rendered":"Reumatologia wieku rozwojowego Kompendium"},"content":{"rendered":"<p>Redakcja: Smolewska El\u017cbieta<br \/>\nWydawca: PZWL<br \/>\nOprawa: Mi\u0119kka ze skrzyde\u0142kami<br \/>\nFormat: 14.5&#215;23.5cm<br \/>\nLiczba stron: 386<br \/>\nWydanie: 1<br \/>\nRok wydania: 2019<br \/>\nJ\u0119zyk wydania: polski<\/p>\n<p>Ksi\u0105\u017cka zawiera opis badania podmiotowego i przedmiotowego oraz bada\u0144 dodatkowych (laboratoryjnych, obrazowych i morfologicznych), kt\u00f3re s\u0105 przydatne w diagnostyce chor\u00f3b reumatycznych u dzieci, a tak\u017ce zbi\u00f3r dolegliwo\u015bci i objaw\u00f3w, kt\u00f3re wyst\u0119puj\u0105 w przebiegu tych schorze\u0144. Objawy zosta\u0142y r\u00f3wnie\u017c om\u00f3wione w konkretnych jednostkach chorobowych wraz z algorytmami diagnostyczno-terapeutycznymi, patofizjologi\u0105, diagnostyk\u0105 r\u00f3\u017cnicow\u0105 i mo\u017cliwymi powik\u0142aniami. W rozdzia\u0142ach przedstawiono r\u00f3wnie\u017c kr\u00f3tk\u0105 charakterystyk\u0119 lek\u00f3w stosowanych w terapii chor\u00f3b reumatycznych wraz z ich dawkowaniem. Wszystko opisane w zwi\u0119z\u0142ej i jasnej formie.<\/p>\n","protected":false},"excerpt":{"rendered":"<p>Redakcja: Smolewska El\u017cbieta Wydawca: PZWL Oprawa: Mi\u0119kka ze skrzyde\u0142kami Format: [&hellip;]<\/p>\n","protected":false},"featured_media":10509,"template":"","meta":[],"product_brand":[],"product_cat":[7493,44],"product_tag":[3994,3074,7815],"class_list":{"0":"post-10508","1":"product","2":"type-product","3":"status-publish","4":"has-post-thumbnail","6":"product_cat-medycyna","7":"product_cat-nauki-medyczne","8":"product_tag-medycyna","9":"product_tag-pediatria","10":"product_tag-reumatologia","12":"first","13":"instock","14":"sale","15":"shipping-taxable","16":"purchasable","17":"product-type-simple"},"_links":{"self":[{"href":"http:\/\/ksiegarnia-akademicka.pl\/index.php\/wp-json\/wp\/v2\/product\/10508","targetHints":{"allow":["GET"]}}],"collection":[{"href":"http:\/\/ksiegarnia-akademicka.pl\/index.php\/wp-json\/wp\/v2\/product"}],"about":[{"href":"http:\/\/ksiegarnia-akademicka.pl\/index.php\/wp-json\/wp\/v2\/types\/product"}],"wp:featuredmedia":[{"embeddable":true,"href":"http:\/\/ksiegarnia-akademicka.pl\/index.php\/wp-json\/wp\/v2\/media\/10509"}],"wp:attachment":[{"href":"http:\/\/ksiegarnia-akademicka.pl\/index.php\/wp-json\/wp\/v2\/media?parent=10508"}],"wp:term":[{"taxonomy":"product_brand","embeddable":true,"href":"http:\/\/ksiegarnia-akademicka.pl\/index.php\/wp-json\/wp\/v2\/product_brand?post=10508"},{"taxonomy":"product_cat","embeddable":true,"href":"http:\/\/ksiegarnia-akademicka.pl\/index.php\/wp-json\/wp\/v2\/product_cat?post=10508"},{"taxonomy":"product_tag","embeddable":true,"href":"http:\/\/ksiegarnia-akademicka.pl\/index.php\/wp-json\/wp\/v2\/product_tag?post=10508"}],"curies":[{"name":"wp","href":"https:\/\/api.w.org\/{rel}","templated":true}]}}