{"id":10349,"date":"2019-02-09T12:53:34","date_gmt":"2019-02-09T11:53:34","guid":{"rendered":"http:\/\/ksiegarnia-akademicka.pl\/?post_type=product&#038;p=10349"},"modified":"2019-02-09T12:53:34","modified_gmt":"2019-02-09T11:53:34","slug":"pisma-procesowe-i-orzeczenia-sadowe-w-sprawach-sadowoadministracyjnych-z-objasnieniami-i-plyta-cd","status":"publish","type":"product","link":"http:\/\/ksiegarnia-akademicka.pl\/index.php\/product\/pisma-procesowe-i-orzeczenia-sadowe-w-sprawach-sadowoadministracyjnych-z-objasnieniami-i-plyta-cd\/","title":{"rendered":"Pisma procesowe i orzeczenia s\u0105dowe w sprawach s\u0105dowoadministracyjnych z obja\u015bnieniami i p\u0142yt\u0105 CD"},"content":{"rendered":"<p>Redakcja: prof. dr hab. Roman Hauser, dr hab. Wojciech Sawczyn, Jan Szuma<br \/>\nAutor: Aleksandra Czajka, Filip Geburczyk, dr Maciej Kie\u0142bowski, Marcin Kubiak, Jacek Ronowicz, Agnieszka Roszkowiak, Robert Talaga<br \/>\nSeria: Wzory Pism Becka<br \/>\nRok wydania: 2017<br \/>\nWydanie: 3<br \/>\nISBN: 978-83-255-9573-9<br \/>\nLiczba stron: 800 <\/p>\n<p>Pisma procesowe i orzeczenia s\u0105dowe w sprawach s\u0105dowoadministracyjnych z obja\u015bnieniami i p\u0142yt\u0105 CD stanowi opracowanie oko\u0142o 200 wzor\u00f3w, kt\u00f3re najcz\u0119\u015bciej wyst\u0119puj\u0105 w sprawach s\u0105dowoadministracyjnych.<\/p>\n<p>Kolejne, 3 wydanie publikacji uwzgl\u0119dnia zmiany wprowadzone ustaw\u0105 z 7.4.2017 r. o zmianie ustawy \u2013 Kodeks post\u0119powania administracyjnego oraz niekt\u00f3rych innych ustaw (Dz.U. z 2017 r. poz. 935), kt\u00f3ra wchodzi w \u017cycie 1.6.2017 r. Celem niniejszej zmiany jest wprowadzenie rozwi\u0105za\u0144, kt\u00f3re dotycz\u0105:<\/p>\n<p>zachowania terminu na wniesienie skargi w razie skierowania jej wprost do s\u0105du administracyjnego \u2013 termin na wniesienie skargi do s\u0105du administracyjnego, uwa\u017ca si\u0119 za zachowany wtedy, gdy przed jego up\u0142ywem strona wnios\u0142a skarg\u0119 wprost do s\u0105du administracyjnego;<br \/>\nusuni\u0119cia wymogu wezwania organu do usuni\u0119cia naruszenia prawa \u2013 obowi\u0105zek jego skierowania przed z\u0142o\u017ceniem skargi do wojew\u00f3dzkiego s\u0105du administracyjnego dotyczy\u0142 tzw. innych akt\u00f3w i czynno\u015bci (w tym indywidualnych interpretacji podatkowych) oraz akt\u00f3w prawa miejscowego;<br \/>\npost\u0119powania mediacyjnego w toku post\u0119powania przed s\u0105dami administracyjnymi \u2013 wprowadzenie klasycznego modelu mediacji, w kt\u00f3rym mediator w \u017cadnej sytuacji, nawet potencjalnie, nie jest zaanga\u017cowany w rozstrzyganie sprawy w przypadku fiaska mediacji.<br \/>\nPublikacja sk\u0142ada si\u0119 z rozdzia\u0142\u00f3w podzielonych na: pisma stron oraz czynno\u015bci s\u0105du. Poszczeg\u00f3lne rozdzia\u0142y dotycz\u0105 m.in.:<\/p>\n<p>wszcz\u0119cia post\u0119powania s\u0105dowoadministracyjnego,<br \/>\nudzia\u0142u stron w post\u0119powaniu s\u0105dowoadministracyjnym,<br \/>\ntermin\u00f3w oraz koszt\u00f3w post\u0119powania,<br \/>\nzawieszenia i podj\u0119cia post\u0119powania,<br \/>\numorzenia post\u0119powania s\u0105dowego,<br \/>\norzecze\u0144 s\u0105dowych oraz ich prawomocno\u015bci,<br \/>\npost\u0119powania wywo\u0142anego skarg\u0105 kasacyjn\u0105 oraz skarg\u0105 o wznowienie post\u0119powania s\u0105dowego,<br \/>\nwykonywania orzecze\u0144 s\u0105dowych.<br \/>\nKa\u017cdy wz\u00f3r opatrzony jest obszernym komentarzem, w kt\u00f3rym Autorzy wyja\u015bniaj\u0105 najcz\u0119stsze problemy powstaj\u0105ce podczas tworzenia poszczeg\u00f3lnego wzoru. Co wi\u0119cej, do ka\u017cdego wzoru zosta\u0142o dodane orzecznictwo s\u0105dowe w postaci tez, kt\u00f3re maj\u0105 zwi\u0105zek ze stosowaniem poszczeg\u00f3lnych wzor\u00f3w w praktyce obrotu. Bardzo pomocnym dodatkiem jest p\u0142yta CD zawieraj\u0105ca wersje edytowalne wszystkich wzor\u00f3w zamieszczonych w opracowaniu.<\/p>\n<p>Publikacja stanowi profesjonaln\u0105 pomoc zar\u00f3wno dla s\u0119dzi\u00f3w, prokurator\u00f3w, radc\u00f3w prawnych, adwokat\u00f3w, jak i aplikant\u00f3w zawod\u00f3w prawniczych oraz student\u00f3w. Ksi\u0105\u017cka oka\u017ce si\u0119 r\u00f3wnie\u017c bardzo pomocna dla os\u00f3b prywatnych, kt\u00f3re na co dzie\u0144 spotykaj\u0105 si\u0119 w problemami w post\u0119powaniu s\u0105dowoadministracyjnym.<\/p>\n","protected":false},"excerpt":{"rendered":"<p>Redakcja: prof. dr hab. Roman Hauser, dr hab. Wojciech Sawczyn, [&hellip;]<\/p>\n","protected":false},"featured_media":10350,"template":"","meta":[],"product_brand":[],"product_cat":[7492,18],"product_tag":[3817,485,7686],"class_list":{"0":"post-10349","1":"product","2":"type-product","3":"status-publish","4":"has-post-thumbnail","6":"product_cat-administracyjne","7":"product_cat-prawo","8":"product_tag-pisma-procesowe","9":"product_tag-prawo-administracyjne","10":"product_tag-seria-wzory-pism-becka","12":"first","13":"instock","14":"sale","15":"shipping-taxable","16":"purchasable","17":"product-type-simple"},"_links":{"self":[{"href":"http:\/\/ksiegarnia-akademicka.pl\/index.php\/wp-json\/wp\/v2\/product\/10349","targetHints":{"allow":["GET"]}}],"collection":[{"href":"http:\/\/ksiegarnia-akademicka.pl\/index.php\/wp-json\/wp\/v2\/product"}],"about":[{"href":"http:\/\/ksiegarnia-akademicka.pl\/index.php\/wp-json\/wp\/v2\/types\/product"}],"wp:featuredmedia":[{"embeddable":true,"href":"http:\/\/ksiegarnia-akademicka.pl\/index.php\/wp-json\/wp\/v2\/media\/10350"}],"wp:attachment":[{"href":"http:\/\/ksiegarnia-akademicka.pl\/index.php\/wp-json\/wp\/v2\/media?parent=10349"}],"wp:term":[{"taxonomy":"product_brand","embeddable":true,"href":"http:\/\/ksiegarnia-akademicka.pl\/index.php\/wp-json\/wp\/v2\/product_brand?post=10349"},{"taxonomy":"product_cat","embeddable":true,"href":"http:\/\/ksiegarnia-akademicka.pl\/index.php\/wp-json\/wp\/v2\/product_cat?post=10349"},{"taxonomy":"product_tag","embeddable":true,"href":"http:\/\/ksiegarnia-akademicka.pl\/index.php\/wp-json\/wp\/v2\/product_tag?post=10349"}],"curies":[{"name":"wp","href":"https:\/\/api.w.org\/{rel}","templated":true}]}}