{"id":10333,"date":"2019-02-09T12:29:29","date_gmt":"2019-02-09T11:29:29","guid":{"rendered":"http:\/\/ksiegarnia-akademicka.pl\/?post_type=product&#038;p=10333"},"modified":"2022-10-27T13:38:09","modified_gmt":"2022-10-27T11:38:09","slug":"umowy-w-sprawach-gospodarczych-z-objasnieniami-i-plyta-cd","status":"publish","type":"product","link":"http:\/\/ksiegarnia-akademicka.pl\/index.php\/product\/umowy-w-sprawach-gospodarczych-z-objasnieniami-i-plyta-cd\/","title":{"rendered":"Umowy w sprawach gospodarczych z obja\u015bnieniami i p\u0142yt\u0105 CD"},"content":{"rendered":"<p>Autor: mec. Marzena Ok\u0142a-Anuszewska<br \/>\nSeria: Wzory Pism Becka<br \/>\nRok wydania: 2022<br \/>\nWydanie: 7<br \/>\nOprawa: Mi\u0119kka<br \/>\nLiczba stron: 900<br \/>\nWymiary: 145&#215;205 mm<br \/>\nWaga: 980 g<br \/>\nISBN: 978-83-8291-453-5<\/p>\n<p>Bestsellerowe opracowanie 152 przyk\u0142ad\u00f3w um\u00f3w w sprawach gospodarczych!<br \/>\nPozycja ciesz\u0105ca si\u0119 du\u017c\u0105 popularno\u015bci\u0105 na rynku wydawniczym, kt\u00f3ra dzi\u0119ki aktualno\u015bci tematu, nadal jest jedn\u0105 z najlepszych pomocy naukowych. Czytelnik ma do dyspozycji 152 przyk\u0142ad\u00f3w um\u00f3w wyst\u0119puj\u0105cych w obrocie gospodarczym.<\/p>\n<p>Opracowanie obejmuje:<\/p>\n<p>umowy nazwane z Kodeksu cywilnego,<br \/>\numowy nazwane z innych ustaw,<br \/>\nukszta\u0142towane przez praktyk\u0119 umowy nienazwane.<br \/>\nKolejne, 7 wydanie uwzgl\u0119dniono aktualne orzecznictwo oraz pogl\u0105dy doktryny, a tak\u017ce zmiany legislacyjne wprowadzone od poprzedniego wydania.<\/p>\n<p>Publikacja sk\u0142ada si\u0119 z IV cz\u0119\u015bci. Ka\u017cda z nich dotyczy um\u00f3w o innej materii:<\/p>\n<p>Cz\u0119\u015b\u0107 I &#8211; dotyczy przepis\u00f3w og\u00f3lnych Kodeksu cywilnego (wskazano m.in., w jaki spos\u00f3b poprawnie napisa\u0107 pe\u0142nomocnictwo, jego odwo\u0142anie czy prokur\u0119);<br \/>\nCz\u0119\u015b\u0107 II &#8211; to umowy nazwane z r\u00f3\u017cnych zakres\u00f3w prawa cywilnego: prawa rzeczowego, prawa zobowi\u0105za\u0144;<br \/>\nCz\u0119\u015b\u0107 III &#8211; dotyczy um\u00f3w z zakresu prawa bankowego, tj. umowy kredytu, umowy depozytowej, umowy o ustanowienie kaucji, itp.<br \/>\nCz\u0119\u015b\u0107 IV &#8211; na kt\u00f3r\u0105 sk\u0142adaj\u0105 si\u0119 umowy mieszane, dotycz\u0105ce: us\u0142ug finansowych, w\u0142asno\u015bci intelektualnej, praw autorskich, \u015bwiadczenia us\u0142ug doradczych, \u015bwiadczenia us\u0142ug zarz\u0105dczych czy um\u00f3w o wsp\u00f3\u0142prac\u0119, tj. listu intencyjnego czy umowy sponsoringu, konsorcjum b\u0105d\u017a franchistingu.<br \/>\nDo ka\u017cdego wzoru do\u0142\u0105czone zosta\u0142y kompleksowe obja\u015bnienia, za pomoc\u0105 kt\u00f3rych mo\u017cna znale\u017a\u0107 odpowied\u017a na najcz\u0119stsze w\u0105tpliwo\u015bci, jakie mog\u0105 pojawi\u0107 si\u0119 w trakcie sporz\u0105dzania danej umowy. Wyja\u015bniane s\u0105 wszelkie wymogi formalne czynno\u015bci prawnej, zasady okre\u015blania stron umowy, co jest essentialia negotii ka\u017cdej z zaprezentowanych um\u00f3w.<\/p>\n<p>Omawiana jest te\u017c problematyka op\u0142at skarbowych, kt\u00f3ra jest pok\u0142osiem zawarcia umowy i jej wykonania czy te\u017c kwestie zwi\u0105zane z przedawnieniem roszcze\u0144 o \u015bwiadczenie um\u00f3w i obliczaniem terminu.<\/p>\n<p>Publikacja jest adresowana przede wszystkim do praktyk\u00f3w \u2013 os\u00f3b \u015bwiadcz\u0105cych profesjonaln\u0105 pomoc prawn\u0105, tj. radcach prawnych i adwokatach. Opracowanie stanowi r\u00f3wnie\u017c nieocenion\u0105 pomoc dla aplikant\u00f3w i student\u00f3w prawa.<\/p>\n<p>Bestsellerowe opracowanie 152 przyk\u0142ad\u00f3w um\u00f3w w sprawach gospodarczych! Publikacja zawiera wzory um\u00f3w i pism wraz z obja\u015bnieniami i uwzgl\u0119dnieniem najnowszych zmian legislacyjnych, aktualne orzecznictwo oraz pogl\u0105dy doktryny.<\/p>\n","protected":false},"excerpt":{"rendered":"<p>Autor: mec. Marzena Ok\u0142a-Anuszewska Seria: Wzory Pism Becka Rok wydania: [&hellip;]<\/p>\n","protected":false},"featured_media":15640,"template":"","meta":[],"product_brand":[],"product_cat":[7495,18],"product_tag":[428,7686,6663],"class_list":{"0":"post-10333","1":"product","2":"type-product","3":"status-publish","4":"has-post-thumbnail","6":"product_cat-gospodarcze-i-handlowe","7":"product_cat-prawo","8":"product_tag-prawo-gospodarcze","9":"product_tag-seria-wzory-pism-becka","10":"product_tag-wzory-umow-i-pism","12":"first","13":"instock","14":"sale","15":"shipping-taxable","16":"purchasable","17":"product-type-simple"},"_links":{"self":[{"href":"http:\/\/ksiegarnia-akademicka.pl\/index.php\/wp-json\/wp\/v2\/product\/10333","targetHints":{"allow":["GET"]}}],"collection":[{"href":"http:\/\/ksiegarnia-akademicka.pl\/index.php\/wp-json\/wp\/v2\/product"}],"about":[{"href":"http:\/\/ksiegarnia-akademicka.pl\/index.php\/wp-json\/wp\/v2\/types\/product"}],"wp:featuredmedia":[{"embeddable":true,"href":"http:\/\/ksiegarnia-akademicka.pl\/index.php\/wp-json\/wp\/v2\/media\/15640"}],"wp:attachment":[{"href":"http:\/\/ksiegarnia-akademicka.pl\/index.php\/wp-json\/wp\/v2\/media?parent=10333"}],"wp:term":[{"taxonomy":"product_brand","embeddable":true,"href":"http:\/\/ksiegarnia-akademicka.pl\/index.php\/wp-json\/wp\/v2\/product_brand?post=10333"},{"taxonomy":"product_cat","embeddable":true,"href":"http:\/\/ksiegarnia-akademicka.pl\/index.php\/wp-json\/wp\/v2\/product_cat?post=10333"},{"taxonomy":"product_tag","embeddable":true,"href":"http:\/\/ksiegarnia-akademicka.pl\/index.php\/wp-json\/wp\/v2\/product_tag?post=10333"}],"curies":[{"name":"wp","href":"https:\/\/api.w.org\/{rel}","templated":true}]}}