{"id":10280,"date":"2019-02-01T09:01:40","date_gmt":"2019-02-01T08:01:40","guid":{"rendered":"http:\/\/ksiegarnia-akademicka.pl\/?post_type=product&#038;p=10280"},"modified":"2019-02-01T09:01:41","modified_gmt":"2019-02-01T08:01:41","slug":"dmso-naturalny-srodek-przeciwzapalny-i-przeciwbolowy-odkrycie-stulecia-teraz-dostepne-dla-kazdego","status":"publish","type":"product","link":"http:\/\/ksiegarnia-akademicka.pl\/index.php\/product\/dmso-naturalny-srodek-przeciwzapalny-i-przeciwbolowy-odkrycie-stulecia-teraz-dostepne-dla-kazdego\/","title":{"rendered":"DMSO naturalny \u015brodek przeciwzapalny i przeciwb\u00f3lowy Odkrycie stulecia teraz dost\u0119pne dla ka\u017cdego"},"content":{"rendered":"<p>Autor:<br \/>\nHartmut Fischer<br \/>\nWydawca: Vital<br \/>\nOprawa: Mi\u0119kka<br \/>\nFormat: 14.5&#215;20.5cm<br \/>\nLiczba stron: 360<br \/>\nWydanie: 1<br \/>\nRok wydania: 2015<br \/>\nJ\u0119zyk wydania: polski<\/p>\n<p>DMSO (dimetylosulfotlenek) to bezwonny p\u0142yn, kt\u00f3ry jest naturalnym produktem pozyskiwanym z drewna. W licznych badaniach naukowych wykaza\u0142 on du\u017c\u0105 ilo\u015b\u0107 leczniczych zastosowa\u0144 i dobroczynnych oddzia\u0142ywa\u0144 na ludzki i zwierz\u0119cy organizm. Mo\u017ce wch\u0142ania\u0107 si\u0119 przez sk\u00f3r\u0119, by\u0107 spo\u017cywany jako rozcie\u0144czona mieszanka do picia, podawany w formie zastrzyk\u00f3w lub infuzji. Z powodu jego szczeg\u00f3lnej zdolno\u015bci do wnikania w sk\u00f3r\u0119 bez uszkadzania jej, ch\u0119tnie u\u017cywany jest w ma\u015bciach, \u017celach, plastrach i tynkturach.<br \/>\nTo naturalny \u015brodek leczniczy, kt\u00f3ry nadaje si\u0119 do leczenia chor\u00f3b powa\u017cnych i wywo\u0142uj\u0105cych silne b\u00f3le oraz do \u0142agodzenia dolegliwo\u015bci, kt\u00f3re dopadaj\u0105 nas codziennie. Z powodu braku jakichkolwiek skutk\u00f3w ubocznych, z powodzeniem mo\u017ce by\u0107 stosowany przez ca\u0142\u0105 rodzin\u0119, Jest \u015brodkiem tanim i \u0142atwo dost\u0119pnym.<br \/>\nDMSO hamuje stany zapalne, dzia\u0142a bakteriob\u00f3jczo, zwalcza grzyby i wirusy, wi\u0105\u017ce uszkadzaj\u0105ce kom\u00f3rki wolne rodniki, wspomaga system immunologiczny i powoduje szybkie gojenie ran, nawet obra\u017ce\u0144 spowodowanych promieniowaniem rentgenowskim czy mrozem.<br \/>\nUdowodniono lecznicze dzia\u0142anie DMSO w schorzeniach takich jak: artretyzm, uszkodzenia kr\u0119gos\u0142upa, choroby psychiczne, zesp\u00f3\u0142 Downa, siniaki, st\u0142uczenia, zwichni\u0119cia, nowotwory w tym w\u0142\u00f3kniaki czy guzy m\u00f3zgu. Jest pomocny przy chorobach neurodegeneracyjnych takich jak demencje, Parkinson czy SM. Od dawna jest stosowany przez wojskowych i sportowc\u00f3w przy r\u00f3\u017cnego rodzaju kontuzjach. Teraz jest dost\u0119pny dla ka\u017cdego.<br \/>\nDMSO \u2013 Tw\u00f3j spos\u00f3b na zdrowie.<\/p>\n","protected":false},"excerpt":{"rendered":"<p>Autor: Hartmut Fischer Wydawca: Vital Oprawa: Mi\u0119kka Format: 14.5&#215;20.5cm Liczba [&hellip;]<\/p>\n","protected":false},"featured_media":10281,"template":"","meta":[],"product_brand":[],"product_cat":[7625],"product_tag":[4824,7795,1257],"class_list":{"0":"post-10280","1":"product","2":"type-product","3":"status-publish","4":"has-post-thumbnail","6":"product_cat-nauki-o-zdrowiu","7":"product_tag-choroby","8":"product_tag-dmso","9":"product_tag-poradniki","11":"first","12":"instock","13":"sale","14":"shipping-taxable","15":"purchasable","16":"product-type-simple"},"_links":{"self":[{"href":"http:\/\/ksiegarnia-akademicka.pl\/index.php\/wp-json\/wp\/v2\/product\/10280","targetHints":{"allow":["GET"]}}],"collection":[{"href":"http:\/\/ksiegarnia-akademicka.pl\/index.php\/wp-json\/wp\/v2\/product"}],"about":[{"href":"http:\/\/ksiegarnia-akademicka.pl\/index.php\/wp-json\/wp\/v2\/types\/product"}],"wp:featuredmedia":[{"embeddable":true,"href":"http:\/\/ksiegarnia-akademicka.pl\/index.php\/wp-json\/wp\/v2\/media\/10281"}],"wp:attachment":[{"href":"http:\/\/ksiegarnia-akademicka.pl\/index.php\/wp-json\/wp\/v2\/media?parent=10280"}],"wp:term":[{"taxonomy":"product_brand","embeddable":true,"href":"http:\/\/ksiegarnia-akademicka.pl\/index.php\/wp-json\/wp\/v2\/product_brand?post=10280"},{"taxonomy":"product_cat","embeddable":true,"href":"http:\/\/ksiegarnia-akademicka.pl\/index.php\/wp-json\/wp\/v2\/product_cat?post=10280"},{"taxonomy":"product_tag","embeddable":true,"href":"http:\/\/ksiegarnia-akademicka.pl\/index.php\/wp-json\/wp\/v2\/product_tag?post=10280"}],"curies":[{"name":"wp","href":"https:\/\/api.w.org\/{rel}","templated":true}]}}